{"id":105,"date":"2018-02-12T14:40:57","date_gmt":"2018-02-12T14:40:57","guid":{"rendered":"http:\/\/g-asesorespatrimoniales.com\/index.php\/home\/"},"modified":"2021-12-01T03:50:35","modified_gmt":"2021-12-01T03:50:35","slug":"home","status":"publish","type":"page","link":"https:\/\/g-asesorespatrimoniales.com\/","title":{"rendered":"GILLESSEN  ASESORES PATRIMONIALES"},"content":{"rendered":"<h2>Tu compa\u00f1\u00eda hoy, en el camino hacia tu tranquilidad ma\u00f1ana<\/h2>\n<p>Hola somos g-asesores patrimoniales, proveedores de soluciones financieras y de seguros, vida, da\u00f1os, gastos m\u00e9dicos mayores y auto. Desarrollamos una soluci\u00f3n personalizada y te asesoramos para conseguir tus objetivos en materia financiera, de protecci\u00f3n a tu patrimonio y los problemas que se originan en la administraci\u00f3n de tus recursos.<\/p>\n<p style=\"text-align: right;\"><a style=\"color: #ffffff;\" href=\"https:\/\/www.2bcard.com\/ceb8f1f98\"><b>Patricia Lara Gillessen, <\/b><\/a><b>Directora General<\/b><\/p>\n<p>\t\t\t<a href=\"https:\/\/g-asesorespatrimoniales.com\/index.php\/contact\/\" role=\"button\"><br \/>\nCont\u00e1ctanos<br \/>\n<\/a><\/p>\n<h4>Secciones<\/h4>\n<p><a href=\"https:\/\/g-asesorespatrimoniales.com\/index.php\/gmm-2\/\"><br \/>\n<img decoding=\"async\" width=\"1024\" height=\"683\" src=\"http:\/\/g-asesorespatrimoniales.com\/wp-content\/uploads\/2021\/03\/blood-pressure-monitor-1749577_1920-1024x683.jpg\" alt=\"\" loading=\"lazy\" srcset=\"https:\/\/g-asesorespatrimoniales.com\/wp-content\/uploads\/2021\/03\/blood-pressure-monitor-1749577_1920-1024x683.jpg 1024w, https:\/\/g-asesorespatrimoniales.com\/wp-content\/uploads\/2021\/03\/blood-pressure-monitor-1749577_1920-300x200.jpg 300w, https:\/\/g-asesorespatrimoniales.com\/wp-content\/uploads\/2021\/03\/blood-pressure-monitor-1749577_1920-768x512.jpg 768w, https:\/\/g-asesorespatrimoniales.com\/wp-content\/uploads\/2021\/03\/blood-pressure-monitor-1749577_1920-1536x1024.jpg 1536w, https:\/\/g-asesorespatrimoniales.com\/wp-content\/uploads\/2021\/03\/blood-pressure-monitor-1749577_1920.jpg 1920w\" sizes=\"auto, (max-width: 1024px) 100vw, 1024px\">\t\t\t\t\t\t\t\t<\/a><\/p>\n<h2>GMM<\/h2>\n<p><a href=\"https:\/\/g-asesorespatrimoniales.com\/index.php\/empresas-3\/\"><br \/>\n<img decoding=\"async\" width=\"1024\" height=\"683\" src=\"http:\/\/g-asesorespatrimoniales.com\/wp-content\/uploads\/2021\/03\/beach-1867271_1920-1024x683.jpg\" alt=\"\" loading=\"lazy\" srcset=\"https:\/\/g-asesorespatrimoniales.com\/wp-content\/uploads\/2021\/03\/beach-1867271_1920-1024x683.jpg 1024w, https:\/\/g-asesorespatrimoniales.com\/wp-content\/uploads\/2021\/03\/beach-1867271_1920-300x200.jpg 300w, https:\/\/g-asesorespatrimoniales.com\/wp-content\/uploads\/2021\/03\/beach-1867271_1920-768x512.jpg 768w, https:\/\/g-asesorespatrimoniales.com\/wp-content\/uploads\/2021\/03\/beach-1867271_1920-1536x1024.jpg 1536w, https:\/\/g-asesorespatrimoniales.com\/wp-content\/uploads\/2021\/03\/beach-1867271_1920.jpg 1920w\" sizes=\"auto, (max-width: 1024px) 100vw, 1024px\">\t\t\t\t\t\t\t\t<\/a><\/p>\n<h2>Vida y ahorro<\/h2>\n<p><a href=\"https:\/\/g-asesorespatrimoniales.com\/index.php\/autos\/\"><br \/>\n<img decoding=\"async\" width=\"1024\" height=\"683\" src=\"http:\/\/g-asesorespatrimoniales.com\/wp-content\/uploads\/2021\/03\/bmw-768688_1920-1024x683.jpg\" alt=\"\" loading=\"lazy\" srcset=\"https:\/\/g-asesorespatrimoniales.com\/wp-content\/uploads\/2021\/03\/bmw-768688_1920-1024x683.jpg 1024w, https:\/\/g-asesorespatrimoniales.com\/wp-content\/uploads\/2021\/03\/bmw-768688_1920-300x200.jpg 300w, https:\/\/g-asesorespatrimoniales.com\/wp-content\/uploads\/2021\/03\/bmw-768688_1920-768x512.jpg 768w, https:\/\/g-asesorespatrimoniales.com\/wp-content\/uploads\/2021\/03\/bmw-768688_1920-1536x1024.jpg 1536w, https:\/\/g-asesorespatrimoniales.com\/wp-content\/uploads\/2021\/03\/bmw-768688_1920.jpg 1920w\" sizes=\"auto, (max-width: 1024px) 100vw, 1024px\">\t\t\t\t\t\t\t\t<\/a><\/p>\n<h2>Autos<\/h2>\n<p><a href=\"https:\/\/g-asesorespatrimoniales.com\/index.php\/casa\/\"><br \/>\n<img decoding=\"async\" width=\"300\" height=\"200\" src=\"http:\/\/g-asesorespatrimoniales.com\/wp-content\/uploads\/2021\/03\/kitchen-1940174_1920-300x200.jpg\" alt=\"\" loading=\"lazy\" srcset=\"https:\/\/g-asesorespatrimoniales.com\/wp-content\/uploads\/2021\/03\/kitchen-1940174_1920-300x200.jpg 300w, https:\/\/g-asesorespatrimoniales.com\/wp-content\/uploads\/2021\/03\/kitchen-1940174_1920-1024x683.jpg 1024w, https:\/\/g-asesorespatrimoniales.com\/wp-content\/uploads\/2021\/03\/kitchen-1940174_1920-768x512.jpg 768w, https:\/\/g-asesorespatrimoniales.com\/wp-content\/uploads\/2021\/03\/kitchen-1940174_1920-1536x1024.jpg 1536w, https:\/\/g-asesorespatrimoniales.com\/wp-content\/uploads\/2021\/03\/kitchen-1940174_1920.jpg 1920w\" sizes=\"auto, (max-width: 300px) 100vw, 300px\">\t\t\t\t\t\t\t\t<\/a><\/p>\n<h2>Hogar<\/h2>\n<p><a href=\"https:\/\/g-asesorespatrimoniales.com\/index.php\/empresas-2\/\"><br \/>\n<img decoding=\"async\" width=\"300\" height=\"205\" src=\"http:\/\/g-asesorespatrimoniales.com\/wp-content\/uploads\/2021\/03\/people-2569234_1920-300x205.jpg\" alt=\"\" loading=\"lazy\" srcset=\"https:\/\/g-asesorespatrimoniales.com\/wp-content\/uploads\/2021\/03\/people-2569234_1920-300x205.jpg 300w, https:\/\/g-asesorespatrimoniales.com\/wp-content\/uploads\/2021\/03\/people-2569234_1920-1024x699.jpg 1024w, https:\/\/g-asesorespatrimoniales.com\/wp-content\/uploads\/2021\/03\/people-2569234_1920-768x524.jpg 768w, https:\/\/g-asesorespatrimoniales.com\/wp-content\/uploads\/2021\/03\/people-2569234_1920-1536x1048.jpg 1536w, https:\/\/g-asesorespatrimoniales.com\/wp-content\/uploads\/2021\/03\/people-2569234_1920.jpg 1920w\" sizes=\"auto, (max-width: 300px) 100vw, 300px\">\t\t\t\t\t\t\t\t<\/a><\/p>\n<h2>Empresas<\/h2>\n<h2>Una propuesta para cada necesidad<\/h2>\n<h2>PROTECCI\u00d3N<\/h2>\n<h2>Los seguros de vida, de da\u00f1os, para autos, de educaci\u00f3n, ahorro protegen tu patrimonio y te aseguran a ti y a tu familia contra cualquier contingencia. En Gillessen-Asesores Patrimoniales sabemos que tu tranquilidad y la de tu familia es lo mas importante y te acompa\u00f1amos durante tu camino.<\/h2>\n<p><a href=\"https:\/\/g-asesorespatrimoniales.com\/index.php\/contact\/\" role=\"button\"><br \/>\nINF\u00d3RMATE<br \/>\n<\/a><\/p>\n<h2>TRANQUILIDAD<\/h2>\n<h2>Tranquilidad para ti y t\u00fa familia al saber que cuentas con la seguridad que te proporciona un seguro de gastos m\u00e9dicos mayores ante cualquier eventualidad en tu salud o la de ellos.<\/h2>\n<p><a href=\"https:\/\/g-asesorespatrimoniales.com\/index.php\/contact\/\" role=\"button\"><br \/>\nINF\u00d3RMATE<br \/>\n<\/a><\/p>\n<h2>CONTROL DE DA\u00d1OS<\/h2>\n<h2>En caso de un siniestro, una contingencia o un percance, contar con una p\u00f3liza de da\u00f1os te da control sobre la incidencia y la recuperaci\u00f3n de tu patrimonio<\/h2>\n<p><a href=\"https:\/\/g-asesorespatrimoniales.com\/index.php\/contact\/\" role=\"button\"><br \/>\nINF\u00d3RMATE<br \/>\n<\/a><br \/>\n<img decoding=\"async\" width=\"1024\" height=\"683\" src=\"http:\/\/g-asesorespatrimoniales.com\/wp-content\/uploads\/2021\/03\/writing-828911_1920-1024x683.jpg\" alt=\"\" loading=\"lazy\" srcset=\"https:\/\/g-asesorespatrimoniales.com\/wp-content\/uploads\/2021\/03\/writing-828911_1920-1024x683.jpg 1024w, https:\/\/g-asesorespatrimoniales.com\/wp-content\/uploads\/2021\/03\/writing-828911_1920-300x200.jpg 300w, https:\/\/g-asesorespatrimoniales.com\/wp-content\/uploads\/2021\/03\/writing-828911_1920-768x512.jpg 768w, https:\/\/g-asesorespatrimoniales.com\/wp-content\/uploads\/2021\/03\/writing-828911_1920-1536x1024.jpg 1536w, https:\/\/g-asesorespatrimoniales.com\/wp-content\/uploads\/2021\/03\/writing-828911_1920.jpg 1920w\" sizes=\"auto, (max-width: 1024px) 100vw, 1024px\"><\/p>\n<h2>TESTIMONIOS<\/h2>\n<p>\u201c Gilesen Asesores Patrimoniales me ayudaron en la justificaci\u00f3n de los gastos que ejerc\u00ed durante mi estancia hospitalaria, todo fue cubierto, el servicio fue claro, transparente y eficiente. Gracias . \u201d<\/p>\n<p>Jos\u00e9 P\u00e9rez<\/p>\n<p><a href=\"https:\/\/g-asesorespatrimoniales.com\/index.php\/contact\/\" role=\"button\"><br \/>\nCont\u00e1ctanos<br \/>\n<\/a><\/p>\n<h2>Patricia Lara Gillessen<\/h2>\n<h2>Semblanza.<\/h2>\n<h2>Propuesta de valor<\/h2>\n<p><a href=\"http:\/\/g-asesorespatrimoniales.com\/patricialara\" target=\"_blank\" role=\"button\" rel=\"noopener\"><br \/>\nTarjeta Digital<br \/>\n<\/a><br \/>\n<img decoding=\"async\" width=\"1024\" height=\"919\" src=\"http:\/\/g-asesorespatrimoniales.com\/wp-content\/uploads\/2021\/02\/logo_web_a-1024x919.png\" alt=\"\" loading=\"lazy\" srcset=\"https:\/\/g-asesorespatrimoniales.com\/wp-content\/uploads\/2021\/02\/logo_web_a-1024x919.png 1024w, https:\/\/g-asesorespatrimoniales.com\/wp-content\/uploads\/2021\/02\/logo_web_a-300x269.png 300w, https:\/\/g-asesorespatrimoniales.com\/wp-content\/uploads\/2021\/02\/logo_web_a-768x689.png 768w, https:\/\/g-asesorespatrimoniales.com\/wp-content\/uploads\/2021\/02\/logo_web_a-1536x1378.png 1536w, https:\/\/g-asesorespatrimoniales.com\/wp-content\/uploads\/2021\/02\/logo_web_a-2048x1837.png 2048w, https:\/\/g-asesorespatrimoniales.com\/wp-content\/uploads\/2021\/02\/logo_web_a-65x58.png 65w\" sizes=\"auto, (max-width: 1024px) 100vw, 1024px\"><br \/>\n<a href=\"https:\/\/g-asesorespatrimoniales.com\/index.php\/contact\/\" role=\"button\"><br \/>\nCont\u00e1ctanos<br \/>\n<\/a><\/p>\n  ","protected":false},"excerpt":{"rendered":"<p>Tu compa\u00f1\u00eda hoy, en el camino hacia tu tranquilidad ma\u00f1ana Hola somos g-asesores patrimoniales, proveedores de soluciones financieras y de seguros, vida, da\u00f1os, gastos m\u00e9dicos mayores y auto. Desarrollamos una soluci\u00f3n personalizada y te asesoramos para conseguir tus objetivos en materia financiera, de protecci\u00f3n a tu patrimonio y los problemas que se originan en la &hellip;<\/p>\n<p class=\"read-more\"> <a class=\"\" href=\"https:\/\/g-asesorespatrimoniales.com\/\"> <span class=\"screen-reader-text\">GILLESSEN  ASESORES PATRIMONIALES<\/span> Leer m\u00e1s &raquo;<\/a><\/p>\n","protected":false},"author":1,"featured_media":552,"parent":0,"menu_order":0,"comment_status":"closed","ping_status":"closed","template":"","meta":{"footnotes":""},"class_list":["post-105","page","type-page","status-publish","has-post-thumbnail","hentry"],"_links":{"self":[{"href":"https:\/\/g-asesorespatrimoniales.com\/index.php\/wp-json\/wp\/v2\/pages\/105","targetHints":{"allow":["GET"]}}],"collection":[{"href":"https:\/\/g-asesorespatrimoniales.com\/index.php\/wp-json\/wp\/v2\/pages"}],"about":[{"href":"https:\/\/g-asesorespatrimoniales.com\/index.php\/wp-json\/wp\/v2\/types\/page"}],"author":[{"embeddable":true,"href":"https:\/\/g-asesorespatrimoniales.com\/index.php\/wp-json\/wp\/v2\/users\/1"}],"replies":[{"embeddable":true,"href":"https:\/\/g-asesorespatrimoniales.com\/index.php\/wp-json\/wp\/v2\/comments?post=105"}],"version-history":[{"count":170,"href":"https:\/\/g-asesorespatrimoniales.com\/index.php\/wp-json\/wp\/v2\/pages\/105\/revisions"}],"predecessor-version":[{"id":1042,"href":"https:\/\/g-asesorespatrimoniales.com\/index.php\/wp-json\/wp\/v2\/pages\/105\/revisions\/1042"}],"wp:featuredmedia":[{"embeddable":true,"href":"https:\/\/g-asesorespatrimoniales.com\/index.php\/wp-json\/wp\/v2\/media\/552"}],"wp:attachment":[{"href":"https:\/\/g-asesorespatrimoniales.com\/index.php\/wp-json\/wp\/v2\/media?parent=105"}],"curies":[{"name":"wp","href":"https:\/\/api.w.org\/{rel}","templated":true}]}}